is divided by s.
4
Let m be ((-3)/1)/(1 + 0). Let j be -3 - m - (-3 - 0). Let r = j + 25. What is the remainder when r is divided by 10?
8
Let n(t) = -t**2 - 3*t + 3. Let c be n(2). Let p(o) = o**2 + 4*o + 10. Calculate the remainder when p(c) is divided by 16.
15
Suppose 76*m - 82 = 74*m. What is the remainder when m is divided by 11?
8
Let b = 29 + -24. Suppose -2*g + b + 5 = 0. What is the remainder when g is divided by 4?
1
Let f = -30 - -76. Suppose 3*s = -4*c + 14, -c + 0 = 5*s - 12. Suppose -t - s*k = -32, 0*t + 5*t + 2*k = 128. What is the remainder when f is divided by t?
22
What is the remainder when 85/(-2)*(-24)/30 is divided by 7?
6
Let h = 34 - 22. Suppose -5*b + 8*b = h. Calculate the remainder when 6 is divided by b.
2
Calculate the remainder when 70 is divided by (-1 + 2)*(2 + 34).
34
Let k = -34 - -124. Suppose -3*b = -3*n - k, n + 110 = 5*b - 48. What is the remainder when b is divided by 11?
10
Let i = 7 + -4. Suppose -4*p + 3*p + i = 0. What is the remainder when 11 is divided by p?
2
Let c(x) = -x**3 + 5*x**2 - x - 3. Let m be c(4). Suppose -3*w + m = -0. Calculate the remainder when 4 is divided by w.
1
Let j = -90 - -146. What is the remainder when j is divided by 2 + 6/(-2) + 20?
18
Let n(b) = -b**2 - 8*b + 9. Calculate the remainder when n(-8) is divided by 6.
3
Suppose -2*b + b = -3*p + 113, 5*b = 2*p - 97. Suppose -6*x = -v - x + p, -5*v = 5*x - 30. Calculate the remainder when v is divided by (2/(-3))/((-2)/21).
4
Let r = -116 + 193. Calculate the remainder when r is divided by 21.
14
Let a(b) = -2*b - 15. Let u be a(-10). Suppose u = 5*z - 60. Calculate the remainder when 62 is divided by z.
10
Let z(u) = -u**3 + 4*u**2 - 2*u + 4. Suppose -3*b + 2*n = -11, -4*b = 2*n - 8 - 2. Calculate the remainder when 12 is divided by z(b).
5
Suppose -18 - 18 = 3*w. What is the remainder when (-12)/8*w - 1 is divided by 6?
5
Suppose -7*w + 10 = -5*w. Suppose -93 = -w*z - 3*n, -3*z - n = 3*n - 47. What is the remainder when z is divided by 11?
10
Suppose 0 = 5*a - 125 + 20. Calculate the remainder when 59 is divided by a.
17
Let q(o) = -o**3 - 10*o**2 - 10*o + 9. What is the remainder when 66 is divided by q(-9)?
12
Let d be ((-4)/4)/(2/(-238)). Suppose 0*a - d = -a. Suppose a = 3*t + 11. Calculate the remainder when t is divided by 19.
17
Let r = 12 + -1. Suppose -3*v = -3*f - 39, v + f = -4*f - r. Calculate the remainder when 25 is divided by v.
7
Let y(h) = -28*h - 83. Calculate the remainder when y(-15) is divided by 17.
14
Let t(b) = 5*b**3 - b**2 - 3*b + 2. What is the remainder when t(2) is divided by (-440)/8*2/(-10)?
10
What is the remainder when 7 is divided by ((-4)/10)/((-8)/40)?
1
Let b(j) = j + 4. Let a be b(0). Suppose 330 = a*z + 74. What is the remainder when z is divided by 22?
20
What is the remainder when (-1)/2*48*-2 is divided by 28?
20
Let i(v) = 2*v**2 - 6*v + 3. What is the remainder when 12 is divided by i(3)?
0
Suppose 332 = 4*k + 1112. Let b = 6 - -2. Calculate the remainder when k/5*2/(-6) is divided by b.
5
Suppose -3*v - 27 = -6*v. What is the remainder when 24 is divided by v?
6
Let n = 135 + -125. Let t = 11 + -7. Suppose -t*r - 3 = -19. What is the remainder when n is divided by r?
2
Let x(u) = 7*u**2 + 4*u - 4. Let y be x(-4). Let i = -57 + y. Calculate the remainder when i is divided by 12.
11
Let x = -85 + 136. Calculate the remainder when x is divided by 13.
12
Let m(g) = -6*g**3 - 2*g - 1. Let l be m(-1). Let z(c) = c**3 - 6*c**2 - 8*c - 10. Let b be z(l). Calculate the remainder when 30 is divided by (1 - 2)*b + -1.
14
Suppose 5*d - 130 = -2*k, 0*d - 58 = -k + d. What is the remainder when k is divided by 22?
16
Let i be 2 + 174/(-9)*3. Calculate the remainder when 46 is divided by i/(-2) + -3 + -1.
22
Let d = 0 - -10. Suppose -3*g - 2*g = 4*v - d, -3*g + 3*v = -33. What is the remainder when 10 is divided by g?
4
Suppose 42*g = 37*g + 70. Calculate the remainder when 45 is divided by g.
3
Suppose -5*n = 5*y - 20, 0 = -n - 0*n - 4. Suppose -19 = -5*j + 2*h, 3*h - h = 2*j - 10. Calculate the remainder when y is divided by j.
2
Suppose 4*m - x - 2*x - 169 = 0, -5*x + 25 = 0. Suppose 5*i = 3*i + m. Let j = 63 - i. Calculate the remainder when j is divided by 14.
12
Let l = 36 - 11. Calculate the remainder when l is divided by ((-16)/(-32))/((-1)/(-3*6)).
7
Suppose -18 = 4*w - 530. Suppose 3*s + w = 7*s. Calculate the remainder when s is divided by 17.
15
Suppose -5*x - 3*a + 44 = 10, -5*a + 14 = 3*x. Calculate the remainder when 18 is divided by x.
2
Let c = -28 + 150. Calculate the remainder when c is divided by 42.
38
Let s(d) = -d**2 - 9*d - 7. What is the remainder when 36 is divided by s(-5)?
10
Calculate the remainder when 4 is divided by (-4 - -1)*16/(-24).
0
Let s(m) = m**2 + 2*m - 5. Let z be 4 + (-2)/(-4)*0. What is the remainder when s(4) is divided by (-2)/z*(3 - 17)?
5
Suppose x - 3*x - 4 = 0. Let y be (14/5)/(x/(-840)). Calculate the remainder when 2/5 - y/(-35) is divided by 12.
10
Let l = 11 + 0. Let q = -6 + l. Calculate the remainder when 4 is divided by q*(2 + (-21)/15).
1
Let b = 10 + -10. Suppose 2*n - 5*n + o + 7 = b, 0 = n + o - 9. Calculate the remainder when n is divided by 4.
0
Let c = 53 + -31. Calculate the remainder when c is divided by 8.
6
Let d = 1 + 4. Suppose -4*v + 19 = -j, 0 = -3*v + 4*j + 3 - d. Let n(f) = 9*f**2 - 2*f - 1. What is the remainder when n(-1) is divided by v?
4
Let m = 41 + -22. Calculate the remainder when m is divided by 10.
9
Let b(q) = 3*q**2 - 3*q. Let w be b(-4). Suppose 2*p - f = -1 + 4, -4*p - 4*f = 12. Suppose 5*n - w = -p. What is the remainder when 34 is divided by n?
10
Let k(r) = -16*r - 36. Let y(w) = 3*w + 7. Let x(i) = 2*k(i) + 11*y(i). What is the remainder when 38 is divided by x(8)?
12
Let y = -86 - -110. Calculate the remainder when y is divided by 8.
0
Let s = -35 - -58. Suppose 176 = 4*j + 5*g, 4*g - 21 + 153 = 3*j. Calculate the remainder when j is divided by s.
21
Let a = -7 - -4. What is the remainder when (-2)/(-6) + (-104)/a is divided by (-9)/15 + 63/5?
11
What is the remainder when (-8)/24 - (-1 + (-67)/3) is divided by 8/6*1*6?
7
Let d be 69 + 8 - (1 + 0). Suppose b = 5*b - d. Calculate the remainder when 56 is divided by b.
18
Let c(i) = i**2 - 11*i + 10. Let h be c(9). Calculate the remainder when 13 is divided by (-4)/(h/(-5))*-2.
3
Let k(l) = -l**2 + 5*l + 2. Let b be k(6). Let x = -151 - -43. What is the remainder when (2/3)/(b/x) is divided by 10?
8
Suppose 3*q - 95 = -2*s, 0*q = -3*q - 5*s + 107. Suppose 1138*w = 1131*w + 77. Calculate the remainder when q is divided by w.
7
Suppose 4*y - 148 = -20. What is the remainder when y is divided by 17?
15
Suppose g + k = 18, -5*g + k + 0*k = -66. Calculate the remainder when 21 is divided by -4*(-6)/g*7.
9
Let u = -11 - -15. Calculate the remainder when 46 is divided by 18 + 4*u/(-8).
14
Suppose 20 = 6*w - 76. What is the remainder when 61 is divided by w?
13
Let x be 2/((-1)/(-2)*4). Let w = x - -1. Let b = 27 - w. Calculate the remainder when b is divided by 14.
11
Suppose 0 = 6*w - 2*w - 60. What is the remainder when w is divided by 9?
6
Suppose -6*r - 3*k + 6 = -3*r, 3*r - 5*k - 22 = 0. Suppose 3*h - h - 5*c = -r, -2 = 2*h - 4*c. What is the remainder when 11 is divided by h?
2
Suppose 3*k + 3*f - 244 = f, 1 = -f. What is the remainder when k is divided by 21?
19
Suppose 0 = 6*a - 4*a, -4*z = 3*a. Calculate the remainder when z - 0 - (-50)/1 is divided by 13.
11
Suppose -9*k + 148 = -5*k. Calculate the remainder when k is divided by 13.
11
Let x(i) = 0*i**2 + 8 - 7*i + i**2 + 0. Let a be x(6). What is the remainder when (-1 - 1)*(-20)/a is divided by 11?
9
Let h be (0 - -3)*(-4)/(-6). Suppose 0 = 5*t - h*t - 18. Let f(j) = j**2 + 3*j + 7. Calculate the remainder when f(-5) is divided by t.
5
What is the remainder when (1*2)/(20/350) is divided by 13?
9
Let p = -40 + 65. Calculate the remainder when 96 is divided by p.
21
Suppose 4 = s + 3*s, 4*r - 3*s = 597. What is the remainder when r is divided by 22?
18
Let p(t) = -3*t - 1. Let y be p(-8). Suppose 0*b = -b + y. What is the remainder when b is divided by 13?
10
Suppose -2*n + 42 = -2*v, -5*n + 21 = 4*v - 48. What is the remainder when 44 is divided by n?
10
Calculate the remainder when 45 is divided 